{"id":187,"date":"2026-04-18T03:10:20","date_gmt":"2026-04-18T01:10:20","guid":{"rendered":"https:\/\/infinityautos.online\/daniel\/?post_type=product&#038;p=187"},"modified":"2026-04-18T03:11:50","modified_gmt":"2026-04-18T01:11:50","slug":"187","status":"publish","type":"product","link":"https:\/\/infinityautos.online\/daniel\/producto\/187\/","title":{"rendered":"Toyota Corolla Hybrid SEG 2023"},"content":{"rendered":"<p>**Versi\u00f3n m\u00e1s full**<\/p>\n<p>Motor 1.8 Color Blanco Perlado. Rendimiento de has 80 &#8211; 90 km por gal\u00f3n. 52.000km. Caja autom\u00e1tica. Rines de lujo 17. Sunroof. Asiento del conductor electrcio. Frenos de disco. Direcci\u00f3n electro-asistida. Comandos en el tim\u00f3n. Velocidad crucero. Asistente de frenado. Asistente de conducci\u00f3n. Luces autom\u00e1ticas. Sensores delanteros y traseros. C\u00e1mara de reversa. Sistema antirobo. Asistente de mantenimiento en el carril. Asistente de arranque en pendiente. Sistema de pre-colisi\u00f3n. Mantenimientos el la Toyota Documentos al d\u00eda, listo para traspaso.<\/p>\n","protected":false},"excerpt":{"rendered":"<p>Se vende Toyota Corolla SEG Hybrid 2023<\/p>\n<p>\u00a1Te ayudamos a financiar tu veh\u00edculo con diferentes entidades!<\/p>\n<p>Agenda tu cita hoy<\/p>\n","protected":false},"featured_media":190,"comment_status":"open","ping_status":"closed","template":"","meta":[],"product_brand":[18],"product_cat":[24],"product_tag":[27,26,25],"class_list":{"0":"post-187","1":"product","2":"type-product","3":"status-publish","4":"has-post-thumbnail","6":"product_brand-toyota","7":"product_cat-carros","8":"product_tag-electrico","9":"product_tag-hibrido","10":"product_tag-sedan","12":"first","13":"instock","14":"sold-individually","15":"shipping-taxable","16":"purchasable","17":"product-type-simple"},"jetpack_sharing_enabled":true,"_links":{"self":[{"href":"https:\/\/infinityautos.online\/daniel\/wp-json\/wp\/v2\/product\/187","targetHints":{"allow":["GET"]}}],"collection":[{"href":"https:\/\/infinityautos.online\/daniel\/wp-json\/wp\/v2\/product"}],"about":[{"href":"https:\/\/infinityautos.online\/daniel\/wp-json\/wp\/v2\/types\/product"}],"replies":[{"embeddable":true,"href":"https:\/\/infinityautos.online\/daniel\/wp-json\/wp\/v2\/comments?post=187"}],"wp:featuredmedia":[{"embeddable":true,"href":"https:\/\/infinityautos.online\/daniel\/wp-json\/wp\/v2\/media\/190"}],"wp:attachment":[{"href":"https:\/\/infinityautos.online\/daniel\/wp-json\/wp\/v2\/media?parent=187"}],"wp:term":[{"taxonomy":"product_brand","embeddable":true,"href":"https:\/\/infinityautos.online\/daniel\/wp-json\/wp\/v2\/product_brand?post=187"},{"taxonomy":"product_cat","embeddable":true,"href":"https:\/\/infinityautos.online\/daniel\/wp-json\/wp\/v2\/product_cat?post=187"},{"taxonomy":"product_tag","embeddable":true,"href":"https:\/\/infinityautos.online\/daniel\/wp-json\/wp\/v2\/product_tag?post=187"}],"curies":[{"name":"wp","href":"https:\/\/api.w.org\/{rel}","templated":true}]}}