{"id":136,"date":"2026-04-18T02:44:58","date_gmt":"2026-04-18T00:44:58","guid":{"rendered":"https:\/\/infinityautos.online\/daniel\/?post_type=product&#038;p=136"},"modified":"2026-04-18T02:46:10","modified_gmt":"2026-04-18T00:46:10","slug":"kia-sportage-np5-vibrant-2024","status":"publish","type":"product","link":"https:\/\/infinityautos.online\/daniel\/producto\/kia-sportage-np5-vibrant-2024\/","title":{"rendered":"KIA Sportage NP5 Vibrant 2024"},"content":{"rendered":"<p>Motor 2.0 Mantenimientos en la KIA. 4 modos de conducci\u00f3n. Asistente punto ciego y trafico cruzado. Caja autom\u00e1tica triptonica. Luces autom\u00e1ticas. Asistente de arranque en pendiente. Apple Carplay y Andorid Auto inal\u00e1mbrico. Velocidad crucero. Freno de emergencia electrico. Asistencia Autohold. Luces regulables en altura. Luces Led. Apertura de puertas por bot\u00f3n. 2 llaves. Papeles al d\u00eda, lista para traspaso.<\/p>\n","protected":false},"excerpt":{"rendered":"<p>Vendo KIA Sportage Vibrant 2024<\/p>\n<p>En impecables condiciones<\/p>\n<p>Te ayudamos a financiar tu veh\u00edculo con diferentes entidades financieras.<\/p>\n<p>Agenda cita hoy mismo<\/p>\n","protected":false},"featured_media":138,"comment_status":"open","ping_status":"closed","template":"","meta":[],"product_brand":[22],"product_cat":[20],"product_tag":[19],"class_list":{"0":"post-136","1":"product","2":"type-product","3":"status-publish","4":"has-post-thumbnail","6":"product_brand-kia","7":"product_cat-camionetas","8":"product_tag-camioneta","10":"first","11":"instock","12":"sold-individually","13":"shipping-taxable","14":"purchasable","15":"product-type-simple"},"jetpack_sharing_enabled":true,"_links":{"self":[{"href":"https:\/\/infinityautos.online\/daniel\/wp-json\/wp\/v2\/product\/136","targetHints":{"allow":["GET"]}}],"collection":[{"href":"https:\/\/infinityautos.online\/daniel\/wp-json\/wp\/v2\/product"}],"about":[{"href":"https:\/\/infinityautos.online\/daniel\/wp-json\/wp\/v2\/types\/product"}],"replies":[{"embeddable":true,"href":"https:\/\/infinityautos.online\/daniel\/wp-json\/wp\/v2\/comments?post=136"}],"wp:featuredmedia":[{"embeddable":true,"href":"https:\/\/infinityautos.online\/daniel\/wp-json\/wp\/v2\/media\/138"}],"wp:attachment":[{"href":"https:\/\/infinityautos.online\/daniel\/wp-json\/wp\/v2\/media?parent=136"}],"wp:term":[{"taxonomy":"product_brand","embeddable":true,"href":"https:\/\/infinityautos.online\/daniel\/wp-json\/wp\/v2\/product_brand?post=136"},{"taxonomy":"product_cat","embeddable":true,"href":"https:\/\/infinityautos.online\/daniel\/wp-json\/wp\/v2\/product_cat?post=136"},{"taxonomy":"product_tag","embeddable":true,"href":"https:\/\/infinityautos.online\/daniel\/wp-json\/wp\/v2\/product_tag?post=136"}],"curies":[{"name":"wp","href":"https:\/\/api.w.org\/{rel}","templated":true}]}}