{"id":101,"date":"2026-04-18T01:55:11","date_gmt":"2026-04-17T23:55:11","guid":{"rendered":"https:\/\/infinityautos.online\/daniel\/?post_type=product&#038;p=101"},"modified":"2026-04-18T02:13:36","modified_gmt":"2026-04-18T00:13:36","slug":"toyota-fj-cruiser-2023","status":"publish","type":"product","link":"https:\/\/infinityautos.online\/daniel\/producto\/toyota-fj-cruiser-2023\/","title":{"rendered":"Toyota FJ-Cruiser 2023"},"content":{"rendered":"<p>Se vende FJ-Cruiser V6 4X4 en impecables condiciones. Te ayudamos a financiar tu veh\u00edculo con diferentes entidades bancarias. Motor 4.0 V6 Tracci\u00f3n 4&#215;4 Control crucero. Aire acondicionado autom\u00e1tico. Caja autom\u00e1tica. Tapicer\u00eda resistente al agua. Br\u00fajula. Luces Led. Sistema Off-Road Tracci\u00f3n 4WD con caja reductora. Bloqueo de diferencial trasero. A-TRAC (control activo de tracci\u00f3n). Control de estabilidad (VSC). Asistente de arranque en pendiente. Control de descenso. Chasis tipo escalera (body on frame). Suspensi\u00f3n dise\u00f1ada para alto desempe\u00f1o fuera de carretera. Documentos al d\u00eda, listo para traspaso.<\/p>\n","protected":false},"excerpt":{"rendered":"<p>FJ-Cruiser V6 4X4 en impecables condiciones.<\/p>\n<p>Te ayudamos a financiar tu veh\u00edculo con diferentes entidades bancarias.<\/p>\n<p>Agenda un cita hoy mismo.<\/p>\n","protected":false},"featured_media":103,"comment_status":"open","ping_status":"closed","template":"","meta":[],"product_brand":[18],"product_cat":[20],"product_tag":[21,19],"class_list":{"0":"post-101","1":"product","2":"type-product","3":"status-publish","4":"has-post-thumbnail","6":"product_brand-toyota","7":"product_cat-camionetas","8":"product_tag-4x4","9":"product_tag-camioneta","11":"first","12":"instock","13":"sold-individually","14":"shipping-taxable","15":"purchasable","16":"product-type-simple"},"jetpack_sharing_enabled":true,"_links":{"self":[{"href":"https:\/\/infinityautos.online\/daniel\/wp-json\/wp\/v2\/product\/101","targetHints":{"allow":["GET"]}}],"collection":[{"href":"https:\/\/infinityautos.online\/daniel\/wp-json\/wp\/v2\/product"}],"about":[{"href":"https:\/\/infinityautos.online\/daniel\/wp-json\/wp\/v2\/types\/product"}],"replies":[{"embeddable":true,"href":"https:\/\/infinityautos.online\/daniel\/wp-json\/wp\/v2\/comments?post=101"}],"wp:featuredmedia":[{"embeddable":true,"href":"https:\/\/infinityautos.online\/daniel\/wp-json\/wp\/v2\/media\/103"}],"wp:attachment":[{"href":"https:\/\/infinityautos.online\/daniel\/wp-json\/wp\/v2\/media?parent=101"}],"wp:term":[{"taxonomy":"product_brand","embeddable":true,"href":"https:\/\/infinityautos.online\/daniel\/wp-json\/wp\/v2\/product_brand?post=101"},{"taxonomy":"product_cat","embeddable":true,"href":"https:\/\/infinityautos.online\/daniel\/wp-json\/wp\/v2\/product_cat?post=101"},{"taxonomy":"product_tag","embeddable":true,"href":"https:\/\/infinityautos.online\/daniel\/wp-json\/wp\/v2\/product_tag?post=101"}],"curies":[{"name":"wp","href":"https:\/\/api.w.org\/{rel}","templated":true}]}}