{"id":554,"date":"2026-04-29T02:40:55","date_gmt":"2026-04-29T00:40:55","guid":{"rendered":"https:\/\/infinityautos.online\/Alan\/?page_id=554"},"modified":"2026-04-29T03:25:11","modified_gmt":"2026-04-29T01:25:11","slug":"landing-page","status":"publish","type":"page","link":"https:\/\/infinityautos.online\/Alan\/landing-page\/","title":{"rendered":"Landing Page"},"content":{"rendered":"\t\t<div data-elementor-type=\"wp-page\" data-elementor-id=\"554\" class=\"elementor elementor-554\" data-elementor-post-type=\"page\">\n\t\t\t\t<div class=\"elementor-element elementor-element-f3a7e7f e-flex e-con-boxed e-con e-parent\" data-id=\"f3a7e7f\" data-element_type=\"container\" data-e-type=\"container\">\n\t\t\t\t\t<div class=\"e-con-inner\">\n\t\t\t\t<div class=\"elementor-element elementor-element-77338f0 elementor-widget elementor-widget-heading\" data-id=\"77338f0\" data-element_type=\"widget\" data-e-type=\"widget\" data-widget_type=\"heading.default\">\n\t\t\t\t\t<h1 class=\"elementor-heading-title elementor-size-default\">INFINITY AUTOS<\/h1>\t\t\t\t<\/div>\n\t\t\t\t\t<\/div>\n\t\t\t\t<\/div>\n\t\t<div class=\"elementor-element elementor-element-41de40b e-flex e-con-boxed e-con e-parent\" data-id=\"41de40b\" data-element_type=\"container\" data-e-type=\"container\">\n\t\t\t\t\t<div class=\"e-con-inner\">\n\t\t<div class=\"elementor-element elementor-element-fde78b9 e-con-full e-flex e-con e-child\" data-id=\"fde78b9\" data-element_type=\"container\" data-e-type=\"container\">\n\t\t\t\t<div class=\"elementor-element elementor-element-c96f03f elementor-widget elementor-widget-image\" data-id=\"c96f03f\" data-element_type=\"widget\" data-e-type=\"widget\" data-widget_type=\"image.default\">\n\t\t\t\t\t\t\t\t\t\t\t\t\t\t\t<img fetchpriority=\"high\" decoding=\"async\" width=\"1020\" height=\"680\" src=\"https:\/\/infinityautos.online\/Alan\/wp-content\/uploads\/2026\/04\/Landing-1200x800.jpg\" class=\"attachment-large size-large wp-image-557\" alt=\"Landingpage\" srcset=\"https:\/\/infinityautos.online\/Alan\/wp-content\/uploads\/2026\/04\/Landing-1200x800.jpg 1200w, https:\/\/infinityautos.online\/Alan\/wp-content\/uploads\/2026\/04\/Landing-600x400.jpg 600w, https:\/\/infinityautos.online\/Alan\/wp-content\/uploads\/2026\/04\/Landing-768x512.jpg 768w, https:\/\/infinityautos.online\/Alan\/wp-content\/uploads\/2026\/04\/Landing.jpg 1536w\" sizes=\"(max-width: 1020px) 100vw, 1020px\" \/>\t\t\t\t\t\t\t\t\t\t\t\t\t\t\t<\/div>\n\t\t\t\t<\/div>\n\t\t<div class=\"elementor-element elementor-element-ddca37c e-con-full e-flex e-con e-child\" data-id=\"ddca37c\" data-element_type=\"container\" data-e-type=\"container\">\n\t\t\t\t<div class=\"elementor-element elementor-element-3c265ca elementor-widget elementor-widget-text-editor\" data-id=\"3c265ca\" data-element_type=\"widget\" data-e-type=\"widget\" data-widget_type=\"text-editor.default\">\n\t\t\t\t\t\t\t\t\t<h1><em><strong>\ud83d\ude97<\/strong><\/em><strong>Tu pr\u00f3ximo carro empieza aqu\u00ed<\/strong><\/h1><p><em>Tomar la decisi\u00f3n de comprar un veh\u00edculo no deber\u00eda ser complicado ni incierto. En Infinity Autos te acompa\u00f1amos desde el primer momento para que encuentres el carro ideal, con respaldo, transparencia y opciones que se adaptan a tu realidad.<\/em><\/p><p><em>Descubre una nueva forma de comprar carros usados en Cali: m\u00e1s segura, m\u00e1s clara y pensada para ti. Aqu\u00ed no solo eliges un veh\u00edculo, eliges avanzar con confianza.<\/em><\/p>\t\t\t\t\t\t\t\t<\/div>\n\t\t\t\t<\/div>\n\t\t\t\t\t<\/div>\n\t\t\t\t<\/div>\n\t\t<div class=\"elementor-element elementor-element-32a9d2b e-flex e-con-boxed e-con e-parent\" data-id=\"32a9d2b\" data-element_type=\"container\" data-e-type=\"container\">\n\t\t\t\t\t<div class=\"e-con-inner\">\n\t\t<div class=\"elementor-element elementor-element-0e46cf1 e-con-full e-flex e-con e-child\" data-id=\"0e46cf1\" data-element_type=\"container\" data-e-type=\"container\">\n\t\t\t\t<div class=\"elementor-element elementor-element-3274a33 elementor-widget elementor-widget-video\" data-id=\"3274a33\" data-element_type=\"widget\" data-e-type=\"widget\" data-settings=\"{&quot;video_type&quot;:&quot;hosted&quot;,&quot;controls&quot;:&quot;yes&quot;}\" data-widget_type=\"video.default\">\n\t\t\t\t\t\t\t<div class=\"e-hosted-video elementor-wrapper elementor-open-inline\">\n\t\t\t\t\t<video class=\"elementor-video\" src=\"https:\/\/infinityautos.online\/Alan\/wp-content\/uploads\/2026\/04\/WhatsApp-Video-2026-04-28-at-8.03.43-PM.mp4\" controls=\"\" preload=\"metadata\" controlsList=\"nodownload\"><\/video>\n\t\t\t\t<\/div>\n\t\t\t\t\t\t<\/div>\n\t\t\t\t<\/div>\n\t\t<div class=\"elementor-element elementor-element-ae0b305 e-con-full e-flex e-con e-child\" data-id=\"ae0b305\" data-element_type=\"container\" data-e-type=\"container\">\n\t\t\t\t<div class=\"elementor-element elementor-element-8fa0878 elementor-widget elementor-widget-image\" data-id=\"8fa0878\" data-element_type=\"widget\" data-e-type=\"widget\" data-widget_type=\"image.default\">\n\t\t\t\t\t\t\t\t\t\t\t\t\t\t\t<img decoding=\"async\" width=\"1199\" height=\"729\" src=\"https:\/\/infinityautos.online\/Alan\/wp-content\/uploads\/2026\/04\/WhatsApp-Image-2026-04-28-at-8.17.57-PM.jpeg\" class=\"attachment-full size-full wp-image-559\" alt=\"\" srcset=\"https:\/\/infinityautos.online\/Alan\/wp-content\/uploads\/2026\/04\/WhatsApp-Image-2026-04-28-at-8.17.57-PM.jpeg 1199w, https:\/\/infinityautos.online\/Alan\/wp-content\/uploads\/2026\/04\/WhatsApp-Image-2026-04-28-at-8.17.57-PM-658x400.jpeg 658w, https:\/\/infinityautos.online\/Alan\/wp-content\/uploads\/2026\/04\/WhatsApp-Image-2026-04-28-at-8.17.57-PM-768x467.jpeg 768w, https:\/\/infinityautos.online\/Alan\/wp-content\/uploads\/2026\/04\/WhatsApp-Image-2026-04-28-at-8.17.57-PM-600x365.jpeg 600w\" sizes=\"(max-width: 1199px) 100vw, 1199px\" \/>\t\t\t\t\t\t\t\t\t\t\t\t\t\t\t<\/div>\n\t\t\t\t<div class=\"elementor-element elementor-element-278fa83 elementor-widget elementor-widget-text-editor\" data-id=\"278fa83\" data-element_type=\"widget\" data-e-type=\"widget\" data-widget_type=\"text-editor.default\">\n\t\t\t\t\t\t\t\t\t<h2><strong>Conduce el cambio que est\u00e1s buscando<\/strong><\/h2><p data-start=\"133\" data-end=\"374\"><em>No se trata solo de comprar un carro, se trata de dar el siguiente paso en tu vida. En Infinity Autos encuentras veh\u00edculos listos para avanzar contigo, con respaldo real, asesor\u00eda cercana y opciones de financiaci\u00f3n que se adaptan a tu ritmo.<\/em><\/p><p data-start=\"376\" data-end=\"439\"><em>Empieza hoy, decide con confianza y hazlo bien desde el inicio.<\/em><\/p>\t\t\t\t\t\t\t\t<\/div>\n\t\t\t\t<\/div>\n\t\t\t\t\t<\/div>\n\t\t\t\t<\/div>\n\t\t\t\t<\/div>\n\t\t","protected":false},"excerpt":{"rendered":"<p>INFINITY AUTOS \ud83d\ude97Tu pr\u00f3ximo carro empieza aqu\u00ed Tomar la decisi\u00f3n de comprar un veh\u00edculo no deber\u00eda ser complicado ni incierto. En Infinity Autos te acompa\u00f1amos desde el primer momento para que encuentres el carro ideal, con respaldo, transparencia y opciones que se adaptan a tu realidad. Descubre una nueva forma de comprar carros usados en [&#8230;]\n","protected":false},"author":1,"featured_media":0,"parent":0,"menu_order":0,"comment_status":"closed","ping_status":"closed","template":"","meta":{"_joinchat":[],"footnotes":""},"class_list":["post-554","page","type-page","status-publish","hentry"],"yoast_head":"<!-- This site is optimized with the Yoast SEO plugin v27.5 - https:\/\/yoast.com\/product\/yoast-seo-wordpress\/ -->\n<title>Landing Page - Infinity Autos-E-Commerce<\/title>\n<meta name=\"robots\" content=\"index, follow, max-snippet:-1, max-image-preview:large, max-video-preview:-1\" \/>\n<link rel=\"canonical\" href=\"https:\/\/infinityautos.online\/Alan\/landing-page\/\" \/>\n<meta property=\"og:locale\" content=\"es_ES\" \/>\n<meta property=\"og:type\" content=\"article\" \/>\n<meta property=\"og:title\" content=\"Landing Page - Infinity Autos-E-Commerce\" \/>\n<meta property=\"og:description\" content=\"INFINITY AUTOS \ud83d\ude97Tu pr\u00f3ximo carro empieza aqu\u00ed Tomar la decisi\u00f3n de comprar un veh\u00edculo no deber\u00eda ser complicado ni incierto. En Infinity Autos te acompa\u00f1amos desde el primer momento para que encuentres el carro ideal, con respaldo, transparencia y opciones que se adaptan a tu realidad. Descubre una nueva forma de comprar carros usados en [...]\" \/>\n<meta property=\"og:url\" content=\"https:\/\/infinityautos.online\/Alan\/landing-page\/\" \/>\n<meta property=\"og:site_name\" content=\"Infinity Autos-E-Commerce\" \/>\n<meta property=\"article:modified_time\" content=\"2026-04-29T01:25:11+00:00\" \/>\n<meta property=\"og:image\" content=\"https:\/\/infinityautos.online\/Alan\/wp-content\/uploads\/2026\/04\/Landing.jpg\" \/>\n\t<meta property=\"og:image:width\" content=\"1536\" \/>\n\t<meta property=\"og:image:height\" content=\"1024\" \/>\n\t<meta property=\"og:image:type\" content=\"image\/jpeg\" \/>\n<meta name=\"twitter:card\" content=\"summary_large_image\" \/>\n<meta name=\"twitter:label1\" content=\"Tiempo de lectura\" \/>\n\t<meta name=\"twitter:data1\" content=\"1 minuto\" \/>\n<script type=\"application\/ld+json\" class=\"yoast-schema-graph\">{\"@context\":\"https:\\\/\\\/schema.org\",\"@graph\":[{\"@type\":\"WebPage\",\"@id\":\"https:\\\/\\\/infinityautos.online\\\/Alan\\\/landing-page\\\/\",\"url\":\"https:\\\/\\\/infinityautos.online\\\/Alan\\\/landing-page\\\/\",\"name\":\"Landing Page - Infinity Autos-E-Commerce\",\"isPartOf\":{\"@id\":\"https:\\\/\\\/infinityautos.online\\\/Alan\\\/#website\"},\"primaryImageOfPage\":{\"@id\":\"https:\\\/\\\/infinityautos.online\\\/Alan\\\/landing-page\\\/#primaryimage\"},\"image\":{\"@id\":\"https:\\\/\\\/infinityautos.online\\\/Alan\\\/landing-page\\\/#primaryimage\"},\"thumbnailUrl\":\"https:\\\/\\\/infinityautos.online\\\/Alan\\\/wp-content\\\/uploads\\\/2026\\\/04\\\/Landing-1200x800.jpg\",\"datePublished\":\"2026-04-29T00:40:55+00:00\",\"dateModified\":\"2026-04-29T01:25:11+00:00\",\"breadcrumb\":{\"@id\":\"https:\\\/\\\/infinityautos.online\\\/Alan\\\/landing-page\\\/#breadcrumb\"},\"inLanguage\":\"es\",\"potentialAction\":[{\"@type\":\"ReadAction\",\"target\":[\"https:\\\/\\\/infinityautos.online\\\/Alan\\\/landing-page\\\/\"]}]},{\"@type\":\"ImageObject\",\"inLanguage\":\"es\",\"@id\":\"https:\\\/\\\/infinityautos.online\\\/Alan\\\/landing-page\\\/#primaryimage\",\"url\":\"https:\\\/\\\/infinityautos.online\\\/Alan\\\/wp-content\\\/uploads\\\/2026\\\/04\\\/Landing.jpg\",\"contentUrl\":\"https:\\\/\\\/infinityautos.online\\\/Alan\\\/wp-content\\\/uploads\\\/2026\\\/04\\\/Landing.jpg\",\"width\":1536,\"height\":1024,\"caption\":\"Landingpage\"},{\"@type\":\"BreadcrumbList\",\"@id\":\"https:\\\/\\\/infinityautos.online\\\/Alan\\\/landing-page\\\/#breadcrumb\",\"itemListElement\":[{\"@type\":\"ListItem\",\"position\":1,\"name\":\"Portada\",\"item\":\"https:\\\/\\\/infinityautos.online\\\/Alan\\\/\"},{\"@type\":\"ListItem\",\"position\":2,\"name\":\"Landing Page\"}]},{\"@type\":\"WebSite\",\"@id\":\"https:\\\/\\\/infinityautos.online\\\/Alan\\\/#website\",\"url\":\"https:\\\/\\\/infinityautos.online\\\/Alan\\\/\",\"name\":\"Infinity Autos-E-Commerce\",\"description\":\"Carros Usados\",\"potentialAction\":[{\"@type\":\"SearchAction\",\"target\":{\"@type\":\"EntryPoint\",\"urlTemplate\":\"https:\\\/\\\/infinityautos.online\\\/Alan\\\/?s={search_term_string}\"},\"query-input\":{\"@type\":\"PropertyValueSpecification\",\"valueRequired\":true,\"valueName\":\"search_term_string\"}}],\"inLanguage\":\"es\"}]}<\/script>\n<!-- \/ Yoast SEO plugin. -->","yoast_head_json":{"title":"Landing Page - Infinity Autos-E-Commerce","robots":{"index":"index","follow":"follow","max-snippet":"max-snippet:-1","max-image-preview":"max-image-preview:large","max-video-preview":"max-video-preview:-1"},"canonical":"https:\/\/infinityautos.online\/Alan\/landing-page\/","og_locale":"es_ES","og_type":"article","og_title":"Landing Page - Infinity Autos-E-Commerce","og_description":"INFINITY AUTOS \ud83d\ude97Tu pr\u00f3ximo carro empieza aqu\u00ed Tomar la decisi\u00f3n de comprar un veh\u00edculo no deber\u00eda ser complicado ni incierto. En Infinity Autos te acompa\u00f1amos desde el primer momento para que encuentres el carro ideal, con respaldo, transparencia y opciones que se adaptan a tu realidad. Descubre una nueva forma de comprar carros usados en [...]","og_url":"https:\/\/infinityautos.online\/Alan\/landing-page\/","og_site_name":"Infinity Autos-E-Commerce","article_modified_time":"2026-04-29T01:25:11+00:00","og_image":[{"width":1536,"height":1024,"url":"https:\/\/infinityautos.online\/Alan\/wp-content\/uploads\/2026\/04\/Landing.jpg","type":"image\/jpeg"}],"twitter_card":"summary_large_image","twitter_misc":{"Tiempo de lectura":"1 minuto"},"schema":{"@context":"https:\/\/schema.org","@graph":[{"@type":"WebPage","@id":"https:\/\/infinityautos.online\/Alan\/landing-page\/","url":"https:\/\/infinityautos.online\/Alan\/landing-page\/","name":"Landing Page - Infinity Autos-E-Commerce","isPartOf":{"@id":"https:\/\/infinityautos.online\/Alan\/#website"},"primaryImageOfPage":{"@id":"https:\/\/infinityautos.online\/Alan\/landing-page\/#primaryimage"},"image":{"@id":"https:\/\/infinityautos.online\/Alan\/landing-page\/#primaryimage"},"thumbnailUrl":"https:\/\/infinityautos.online\/Alan\/wp-content\/uploads\/2026\/04\/Landing-1200x800.jpg","datePublished":"2026-04-29T00:40:55+00:00","dateModified":"2026-04-29T01:25:11+00:00","breadcrumb":{"@id":"https:\/\/infinityautos.online\/Alan\/landing-page\/#breadcrumb"},"inLanguage":"es","potentialAction":[{"@type":"ReadAction","target":["https:\/\/infinityautos.online\/Alan\/landing-page\/"]}]},{"@type":"ImageObject","inLanguage":"es","@id":"https:\/\/infinityautos.online\/Alan\/landing-page\/#primaryimage","url":"https:\/\/infinityautos.online\/Alan\/wp-content\/uploads\/2026\/04\/Landing.jpg","contentUrl":"https:\/\/infinityautos.online\/Alan\/wp-content\/uploads\/2026\/04\/Landing.jpg","width":1536,"height":1024,"caption":"Landingpage"},{"@type":"BreadcrumbList","@id":"https:\/\/infinityautos.online\/Alan\/landing-page\/#breadcrumb","itemListElement":[{"@type":"ListItem","position":1,"name":"Portada","item":"https:\/\/infinityautos.online\/Alan\/"},{"@type":"ListItem","position":2,"name":"Landing Page"}]},{"@type":"WebSite","@id":"https:\/\/infinityautos.online\/Alan\/#website","url":"https:\/\/infinityautos.online\/Alan\/","name":"Infinity Autos-E-Commerce","description":"Carros Usados","potentialAction":[{"@type":"SearchAction","target":{"@type":"EntryPoint","urlTemplate":"https:\/\/infinityautos.online\/Alan\/?s={search_term_string}"},"query-input":{"@type":"PropertyValueSpecification","valueRequired":true,"valueName":"search_term_string"}}],"inLanguage":"es"}]}},"_links":{"self":[{"href":"https:\/\/infinityautos.online\/Alan\/wp-json\/wp\/v2\/pages\/554","targetHints":{"allow":["GET"]}}],"collection":[{"href":"https:\/\/infinityautos.online\/Alan\/wp-json\/wp\/v2\/pages"}],"about":[{"href":"https:\/\/infinityautos.online\/Alan\/wp-json\/wp\/v2\/types\/page"}],"author":[{"embeddable":true,"href":"https:\/\/infinityautos.online\/Alan\/wp-json\/wp\/v2\/users\/1"}],"replies":[{"embeddable":true,"href":"https:\/\/infinityautos.online\/Alan\/wp-json\/wp\/v2\/comments?post=554"}],"version-history":[{"count":4,"href":"https:\/\/infinityautos.online\/Alan\/wp-json\/wp\/v2\/pages\/554\/revisions"}],"predecessor-version":[{"id":562,"href":"https:\/\/infinityautos.online\/Alan\/wp-json\/wp\/v2\/pages\/554\/revisions\/562"}],"wp:attachment":[{"href":"https:\/\/infinityautos.online\/Alan\/wp-json\/wp\/v2\/media?parent=554"}],"curies":[{"name":"wp","href":"https:\/\/api.w.org\/{rel}","templated":true}]}}