{"id":286,"date":"2026-03-21T17:08:52","date_gmt":"2026-03-21T16:08:52","guid":{"rendered":"https:\/\/infinityautos.online\/Alan\/?page_id=286"},"modified":"2026-04-16T00:06:53","modified_gmt":"2026-04-15T22:06:53","slug":"preguntas-frecuentes","status":"publish","type":"page","link":"https:\/\/infinityautos.online\/Alan\/preguntas-frecuentes\/","title":{"rendered":"Preguntas frecuentes"},"content":{"rendered":"<div class=\"container section-title-container\" ><h1 class=\"section-title section-title-center\"><b aria-hidden=\"true\"><\/b><span class=\"section-title-main\" style=\"color:rgb(0, 0, 0);\"><i class=\"icon-star-o\" aria-hidden=\"true\"><\/i>PREGUNTAS FRECUENTES<\/span><b aria-hidden=\"true\"><\/b><\/h1><\/div>\n<div class=\"accordion\">\n\t<div id=\"accordion-115759583\" class=\"accordion-item\">\n\t\t<a id=\"accordion-115759583-label\" class=\"accordion-title plain\" href=\"#accordion-item-los-carros-usados-tienen-garant\u00eda?\" aria-expanded=\"false\" aria-controls=\"accordion-115759583-content\">\n\t\t\t<button class=\"toggle\" aria-label=\"Toggle\"><i class=\"icon-angle-down\" aria-hidden=\"true\"><\/i><\/button>\n\t\t\t<span>Los carros usados tienen garant\u00eda?<\/span>\n\t\t<\/a>\n\t\t<div id=\"accordion-115759583-content\" class=\"accordion-inner\" aria-labelledby=\"accordion-115759583-label\">\n\t\t\t\n<p>S\u00ed, en Infinity Autos todos nuestros veh\u00edculos pasan por un proceso de revisi\u00f3n previa para asegurar su buen estado. Adem\u00e1s, brindamos acompa\u00f1amiento y respaldo en la compra para que tengas mayor tranquilidad y confianza al adquirir tu veh\u00edculo.<\/p>\n\t\t<\/div>\n\t<\/div>\n\t\n\t<div id=\"accordion-1747651002\" class=\"accordion-item\">\n\t\t<a id=\"accordion-1747651002-label\" class=\"accordion-title plain\" href=\"#accordion-item-puedo-financiar-la-compra-de-un-carro?\" aria-expanded=\"false\" aria-controls=\"accordion-1747651002-content\">\n\t\t\t<button class=\"toggle\" aria-label=\"Toggle\"><i class=\"icon-angle-down\" aria-hidden=\"true\"><\/i><\/button>\n\t\t\t<span>Puedo financiar la compra de un carro?<\/span>\n\t\t<\/a>\n\t\t<div id=\"accordion-1747651002-content\" class=\"accordion-inner\" aria-labelledby=\"accordion-1747651002-label\">\n\t\t\t\n<p>Claro que s\u00ed, en Infinity Autos contamos con opciones de financiaci\u00f3n adaptadas a diferentes perfiles, incluyendo independientes digitales y personas con ingresos variables. Nuestro equipo te asesora durante todo el proceso para encontrar la mejor alternativa seg\u00fan tu capacidad de pago, adem\u00e1s, se puede comunicar\u00a0 con nosotros para asesorarte v\u00eda <a href=\"https:\/\/wa.me\/573218005685\" target=\"_blank\" rel=\"noopener\">WhatsApp.<\/a><\/p>\n\t\t<\/div>\n\t<\/div>\n\t\n\t<div id=\"accordion-3004975411\" class=\"accordion-item\">\n\t\t<a id=\"accordion-3004975411-label\" class=\"accordion-title plain\" href=\"#accordion-item-c\u00f3mo-s\u00e9-que-el-carro-est\u00e1-en-buen-estado?\" aria-expanded=\"false\" aria-controls=\"accordion-3004975411-content\">\n\t\t\t<button class=\"toggle\" aria-label=\"Toggle\"><i class=\"icon-angle-down\" aria-hidden=\"true\"><\/i><\/button>\n\t\t\t<span>C\u00f3mo s\u00e9 que el carro est\u00e1 en buen estado?<\/span>\n\t\t<\/a>\n\t\t<div id=\"accordion-3004975411-content\" class=\"accordion-inner\" aria-labelledby=\"accordion-3004975411-label\">\n\t\t\t\n<p>En Infinity Autos realizamos una revisi\u00f3n t\u00e9cnica previa de todos nuestros veh\u00edculos, validando aspectos mec\u00e1nicos, el\u00e9ctricos y documentaci\u00f3n. Nuestro objetivo es que compres con seguridad, evitando riesgos y tomando una decisi\u00f3n informada.<\/p>\n\t\t<\/div>\n\t<\/div>\n\t\n\t<div id=\"accordion-1072933704\" class=\"accordion-item\">\n\t\t<a id=\"accordion-1072933704-label\" class=\"accordion-title plain\" href=\"#accordion-item-puedo-vender-mi-carro-a-infinity-autos?\" aria-expanded=\"false\" aria-controls=\"accordion-1072933704-content\">\n\t\t\t<button class=\"toggle\" aria-label=\"Toggle\"><i class=\"icon-angle-down\" aria-hidden=\"true\"><\/i><\/button>\n\t\t\t<span>Puedo vender mi carro a Infinity Autos?<\/span>\n\t\t<\/a>\n\t\t<div id=\"accordion-1072933704-content\" class=\"accordion-inner\" aria-labelledby=\"accordion-1072933704-label\">\n\t\t\t\n<p>S\u00ed, en Infinity Autos tambi\u00e9n compramos veh\u00edculos. Evaluamos tu carro de forma transparente y te ofrecemos una propuesta justa basada en su estado y condiciones del mercado. Nuestro proceso es r\u00e1pido, seguro y sin complicaciones.<\/p>\n\t\t<\/div>\n\t<\/div>\n\t\n\t<div id=\"accordion-4285613964\" class=\"accordion-item\">\n\t\t<a id=\"accordion-4285613964-label\" class=\"accordion-title plain\" href=\"#accordion-item-puedo-ver-el-carro-antes-de-comprarlo?\" aria-expanded=\"false\" aria-controls=\"accordion-4285613964-content\">\n\t\t\t<button class=\"toggle\" aria-label=\"Toggle\"><i class=\"icon-angle-down\" aria-hidden=\"true\"><\/i><\/button>\n\t\t\t<span>Puedo ver el carro antes de comprarlo?<\/span>\n\t\t<\/a>\n\t\t<div id=\"accordion-4285613964-content\" class=\"accordion-inner\" aria-labelledby=\"accordion-4285613964-label\">\n\t\t\t\n<p>Por supuesto. Puedes visitar nuestro punto f\u00edsico para conocer el veh\u00edculo, revisarlo y recibir asesor\u00eda personalizada. En Infinity Autos creemos en la transparencia, por eso te acompa\u00f1amos para que tomes una decisi\u00f3n con total confianza.<\/p>\n\t\t<\/div>\n\t<\/div>\n\t\n<\/div>\n","protected":false},"excerpt":{"rendered":"","protected":false},"author":1,"featured_media":0,"parent":0,"menu_order":0,"comment_status":"closed","ping_status":"closed","template":"","meta":{"_joinchat":[],"footnotes":""},"class_list":["post-286","page","type-page","status-publish","hentry"],"yoast_head":"<!-- This site is optimized with the Yoast SEO plugin v27.5 - https:\/\/yoast.com\/product\/yoast-seo-wordpress\/ -->\n<title>Preguntas frecuentes - Infinity Autos-E-Commerce<\/title>\n<meta name=\"robots\" content=\"index, follow, max-snippet:-1, max-image-preview:large, max-video-preview:-1\" \/>\n<link rel=\"canonical\" href=\"https:\/\/infinityautos.online\/Alan\/preguntas-frecuentes\/\" \/>\n<meta property=\"og:locale\" content=\"es_ES\" \/>\n<meta property=\"og:type\" content=\"article\" \/>\n<meta property=\"og:title\" content=\"Preguntas frecuentes - Infinity Autos-E-Commerce\" \/>\n<meta property=\"og:url\" content=\"https:\/\/infinityautos.online\/Alan\/preguntas-frecuentes\/\" \/>\n<meta property=\"og:site_name\" content=\"Infinity Autos-E-Commerce\" \/>\n<meta property=\"article:modified_time\" content=\"2026-04-15T22:06:53+00:00\" \/>\n<meta name=\"twitter:card\" content=\"summary_large_image\" \/>\n<meta name=\"twitter:label1\" content=\"Tiempo de lectura\" \/>\n\t<meta name=\"twitter:data1\" content=\"1 minuto\" \/>\n<script type=\"application\/ld+json\" class=\"yoast-schema-graph\">{\"@context\":\"https:\\\/\\\/schema.org\",\"@graph\":[{\"@type\":\"WebPage\",\"@id\":\"https:\\\/\\\/infinityautos.online\\\/Alan\\\/preguntas-frecuentes\\\/\",\"url\":\"https:\\\/\\\/infinityautos.online\\\/Alan\\\/preguntas-frecuentes\\\/\",\"name\":\"Preguntas frecuentes - Infinity Autos-E-Commerce\",\"isPartOf\":{\"@id\":\"https:\\\/\\\/infinityautos.online\\\/Alan\\\/#website\"},\"datePublished\":\"2026-03-21T16:08:52+00:00\",\"dateModified\":\"2026-04-15T22:06:53+00:00\",\"breadcrumb\":{\"@id\":\"https:\\\/\\\/infinityautos.online\\\/Alan\\\/preguntas-frecuentes\\\/#breadcrumb\"},\"inLanguage\":\"es\",\"potentialAction\":[{\"@type\":\"ReadAction\",\"target\":[\"https:\\\/\\\/infinityautos.online\\\/Alan\\\/preguntas-frecuentes\\\/\"]}]},{\"@type\":\"BreadcrumbList\",\"@id\":\"https:\\\/\\\/infinityautos.online\\\/Alan\\\/preguntas-frecuentes\\\/#breadcrumb\",\"itemListElement\":[{\"@type\":\"ListItem\",\"position\":1,\"name\":\"Portada\",\"item\":\"https:\\\/\\\/infinityautos.online\\\/Alan\\\/\"},{\"@type\":\"ListItem\",\"position\":2,\"name\":\"Preguntas frecuentes\"}]},{\"@type\":\"WebSite\",\"@id\":\"https:\\\/\\\/infinityautos.online\\\/Alan\\\/#website\",\"url\":\"https:\\\/\\\/infinityautos.online\\\/Alan\\\/\",\"name\":\"Infinity Autos-E-Commerce\",\"description\":\"Carros Usados\",\"potentialAction\":[{\"@type\":\"SearchAction\",\"target\":{\"@type\":\"EntryPoint\",\"urlTemplate\":\"https:\\\/\\\/infinityautos.online\\\/Alan\\\/?s={search_term_string}\"},\"query-input\":{\"@type\":\"PropertyValueSpecification\",\"valueRequired\":true,\"valueName\":\"search_term_string\"}}],\"inLanguage\":\"es\"}]}<\/script>\n<!-- \/ Yoast SEO plugin. -->","yoast_head_json":{"title":"Preguntas frecuentes - Infinity Autos-E-Commerce","robots":{"index":"index","follow":"follow","max-snippet":"max-snippet:-1","max-image-preview":"max-image-preview:large","max-video-preview":"max-video-preview:-1"},"canonical":"https:\/\/infinityautos.online\/Alan\/preguntas-frecuentes\/","og_locale":"es_ES","og_type":"article","og_title":"Preguntas frecuentes - Infinity Autos-E-Commerce","og_url":"https:\/\/infinityautos.online\/Alan\/preguntas-frecuentes\/","og_site_name":"Infinity Autos-E-Commerce","article_modified_time":"2026-04-15T22:06:53+00:00","twitter_card":"summary_large_image","twitter_misc":{"Tiempo de lectura":"1 minuto"},"schema":{"@context":"https:\/\/schema.org","@graph":[{"@type":"WebPage","@id":"https:\/\/infinityautos.online\/Alan\/preguntas-frecuentes\/","url":"https:\/\/infinityautos.online\/Alan\/preguntas-frecuentes\/","name":"Preguntas frecuentes - Infinity Autos-E-Commerce","isPartOf":{"@id":"https:\/\/infinityautos.online\/Alan\/#website"},"datePublished":"2026-03-21T16:08:52+00:00","dateModified":"2026-04-15T22:06:53+00:00","breadcrumb":{"@id":"https:\/\/infinityautos.online\/Alan\/preguntas-frecuentes\/#breadcrumb"},"inLanguage":"es","potentialAction":[{"@type":"ReadAction","target":["https:\/\/infinityautos.online\/Alan\/preguntas-frecuentes\/"]}]},{"@type":"BreadcrumbList","@id":"https:\/\/infinityautos.online\/Alan\/preguntas-frecuentes\/#breadcrumb","itemListElement":[{"@type":"ListItem","position":1,"name":"Portada","item":"https:\/\/infinityautos.online\/Alan\/"},{"@type":"ListItem","position":2,"name":"Preguntas frecuentes"}]},{"@type":"WebSite","@id":"https:\/\/infinityautos.online\/Alan\/#website","url":"https:\/\/infinityautos.online\/Alan\/","name":"Infinity Autos-E-Commerce","description":"Carros Usados","potentialAction":[{"@type":"SearchAction","target":{"@type":"EntryPoint","urlTemplate":"https:\/\/infinityautos.online\/Alan\/?s={search_term_string}"},"query-input":{"@type":"PropertyValueSpecification","valueRequired":true,"valueName":"search_term_string"}}],"inLanguage":"es"}]}},"_links":{"self":[{"href":"https:\/\/infinityautos.online\/Alan\/wp-json\/wp\/v2\/pages\/286","targetHints":{"allow":["GET"]}}],"collection":[{"href":"https:\/\/infinityautos.online\/Alan\/wp-json\/wp\/v2\/pages"}],"about":[{"href":"https:\/\/infinityautos.online\/Alan\/wp-json\/wp\/v2\/types\/page"}],"author":[{"embeddable":true,"href":"https:\/\/infinityautos.online\/Alan\/wp-json\/wp\/v2\/users\/1"}],"replies":[{"embeddable":true,"href":"https:\/\/infinityautos.online\/Alan\/wp-json\/wp\/v2\/comments?post=286"}],"version-history":[{"count":5,"href":"https:\/\/infinityautos.online\/Alan\/wp-json\/wp\/v2\/pages\/286\/revisions"}],"predecessor-version":[{"id":491,"href":"https:\/\/infinityautos.online\/Alan\/wp-json\/wp\/v2\/pages\/286\/revisions\/491"}],"wp:attachment":[{"href":"https:\/\/infinityautos.online\/Alan\/wp-json\/wp\/v2\/media?parent=286"}],"curies":[{"name":"wp","href":"https:\/\/api.w.org\/{rel}","templated":true}]}}